 9/((-135)/10) + (-10)/3. What is the remainder when (3/(-6))/(f/136) is divided by 11?
6
Suppose -73*g + 79*g = 84. Suppose q = -q + 284. Let r = -88 + q. What is the remainder when r is divided by g?
12
Suppose 5*m - 1 + 11 = 0. Let u be 3*-2*(3 + m). What is the remainder when 1 - 1*u*3 is divided by 5?
4
Let q(i) = -3*i**3 - 2*i**2 + i + 1. Let o be q(1). Let c(d) = d**3 + 5*d**2 + 3*d + 4. What is the remainder when 36 is divided by c(o)?
10
Suppose 26 = -5*y - 14. Let g(a) = -a**3 - 5*a**2 + 11*a - 7. What is the remainder when g(y) is divided by 20?
17
Let b = -206 + 232. What is the remainder when 149 is divided by b?
19
Let p(o) = -o + 14. Let n be (1/4)/((-9)/(-180)). Suppose -n*z + 84 = z. What is the remainder when p(-10) is divided by z?
10
Let k be (-6)/36*1 - (-37)/6. What is the remainder when (-24)/(-2)*(15/k + -2) is divided by 5?
1
Suppose 0 = 444*y - 438*y - 5388. What is the remainder when y is divided by 53?
50
What is the remainder when 114 is divided by -10 + 6 + -1 + 56?
12
Suppose 1 = -f + 7. Suppose -7*u + 7 = -f*u. What is the remainder when (4 - u)*17/(-1) is divided by 18?
15
Suppose 3 = g - 2. Suppose -2*q + 5*t + 59 + 38 = 0, -5*q + 250 = -g*t. Calculate the remainder when q is divided by 27.
24
Let k be ((-10)/7)/((-2)/14). Suppose -3*z + k = -2*z. What is the remainder when (148/8)/((-2)/(-4)) is divided by z?
7
Suppose -4*f + 144 = -96. Let s = 76 - f. Calculate the remainder when 46 is divided by s.
14
Let z = -1199 - -1223. What is the remainder when z is divided by 12?
0
Let j(p) = 5*p + 1. Calculate the remainder when (-16)/6*9/(-6) - -17 is divided by j(2).
10
Suppose 2*n - 3 = n. Suppose 28 = 4*t - 4*f, -n*f = -4*t - t + 39. What is the remainder when 28/(-10 - -6)*(1 + -6) is divided by t?
8
Suppose -41*l + 27*l + 3248 = 0. Calculate the remainder when l is divided by 93.
46
Let v = -571 - -639. Calculate the remainder when 1699 is divided by v.
67
Let l = 18 + -10. Suppose 4*y - l = b, -3*y + 7 = 2*y - 2*b. Suppose -21 - 24 = -y*k. What is the remainder when 59 is divided by k?
14
Let w(y) = -y**2. Let v(d) = -5*d**2 - 16*d - 10. Let u(p) = v(p) - 4*w(p). What is the remainder when u(-4) is divided by 10?
8
Suppose -5*k = 42 - 127. Let v = -90 - -181. Let c = -43 + v. Calculate the remainder when c is divided by k.
14
Let l = -8 + 11. Suppose -6*a + 2*a = 4. Calculate the remainder when 36 is divided by 16 - (a + l + 1).
10
Let k(f) = f + 49. What is the remainder when 114 is divided by k(12)?
53
Let f be 120/14 + 8/(-14). Let t(g) = -4*g - 4 - 1 + f + 4. What is the remainder when t(-12) is divided by 29?
26
Let a(s) be the third derivative of -5*s**4/24 + 4*s**3/3 - 41*s**2. Calculate the remainder when a(0) is divided by 3.
2
Let s(r) = -2 - 2*r**2 + 0*r**2 - 107*r + 136*r. Calculate the remainder when 4/8 + 567/6 is divided by s(14).
11
Suppose -440 - 10 = 5*j. Let b = 35 - j. What is the remainder when b is divided by 32?
29
Suppose -a = 2*b - 12 - 27, -5*a + 125 = -4*b. Calculate the remainder when a is divided by 5.
4
Suppose 4*f = -f + 30. Suppose -5*t + 7 = 4*c - 19, f = -3*t + 3*c. Calculate the remainder when 5 is divided by t.
1
Let s = 71 + -46. Suppose -3*k + 5 = -s. Calculate the remainder when 26 is divided by (-105)/14*(-12)/k.
8
Let c = 131 + -146. Calculate the remainder when (69/c)/((-6)/210) is divided by 54.
53
Let m(r) = 6*r - 25. Let f(j) = -j**2 + j + 10. Let w(o) = -o**2 + 5*o - 4. Let l be w(4). Calculate the remainder when m(7) is divided by f(l).
7
Suppose 0 = -4*y + 5*y. Suppose 5*x + y*x - 420 = 0. Suppose -3*j + 2*t - 6 = -59, x = 4*j + 4*t. Calculate the remainder when j is divided by 11.
8
Suppose -68*b + 72 = -60*b. Calculate the remainder when b is divided by 8.
1
Let t(z) = -1. Let x(k) = -k**2 + 12*k + 22. Let g(v) = -5*t(v) - x(v). Calculate the remainder when g(-12) is divided by 34.
33
Let g(s) = s**3 + 7*s**2 + 5*s - 7. Let n be g(-6). Let j(k) = 16*k**2 + 2*k + 1. What is the remainder when j(n) is divided by 5?
0
Suppose 0 = -3*n + 7*n + 2*w - 6, 0 = -n - 5*w - 21. Suppose 24 = n*u - 32. What is the remainder when 82 is divided by u?
12
Let i(t) = -t**3 - 10*t**2 - t + 6. Let y be i(-11). Let d = y + -56. What is the remainder when d is divided by (-3)/(9/(-6)) + 19?
19
Let u = -67 + 122. What is the remainder when (u/33)/(4/(-3))*-20 is divided by 8?
1
Let h(p) = p**2 + 13*p + 183. Calculate the remainder when h(0) is divided by 48.
39
Suppose -3*b - k - 3*k + 15 = 0, b = k + 5. Suppose c - 20 = 3. Calculate the remainder when c is divided by b.
3
Let n(q) = q**2 - 7*q - 59. What is the remainder when n(17) is divided by 49?
13
Let g be 1/(1*(-2)/(-12)). Suppose -g*m = -m - 30. Let j(u) = -u**3 + 24*u**2 - 47*u + 87. What is the remainder when j(22) is divided by m?
3
Suppose 0 = 26*h + 3*h - 9251. Calculate the remainder when h is divided by 161.
158
Let f(i) = -i**3 - 2*i**2 - 2*i - 1. Let g be f(-3). Suppose 15*v = g*v + 24. What is the remainder when v is divided by 21?
3
Let d be -7 + (-1)/((-3)/3). Let q(j) = j**3 + 7*j**2 + 2*j + 4. What is the remainder when 81 is divided by q(d)?
25
Suppose 0*s - 3*s - 2*w + 151 = 0, s + 5*w - 72 = 0. What is the remainder when s is divided by 7?
5
Let z(y) = 4*y + 3. Suppose 9 = 7*g - 3*g - 3*q, -g - 4*q = 12. Calculate the remainder when z(g) is divided by 1.
0
Suppose -4*k = -3*k - 12. Let h = -134 - -155. Calculate the remainder when h is divided by k.
9
Let a = -12 + 38. Calculate the remainder when a is divided by 24.
2
Let h be (1 - -18) + (-14 - -6)/(-2). Suppose y - 82 = -4*y + z, 2*z - h = -y. What is the remainder when 82 is divided by y?
14
Let z be (-2)/5 + (-306)/(-15). Let s = 31 - z. Suppose 126 = 3*a - 2*t, 0*a = -5*a + t + 210. Calculate the remainder when a is divided by s.
9
Let f = 7 - 2. Suppose -f*a + 117 = 4*m, -a + 2*m + 33 = -2*m. What is the remainder when a is divided by 14?
11
Let t(k) = 2*k**3 - 37*k**2 + 19*k + 23. What is the remainder when t(18) is divided by 14?
13
Suppose 5*v - i + 32 = 98, -74 = -5*v - i. Calculate the remainder when 63 is divided by v.
7
Let w = 1 + 2. Let u be (-45)/(-6)*(-4)/w. What is the remainder when 29 is divided by (-7 - -5)/(2/u)?
9
Suppose -4*o - 2 = -5*o. Suppose 0*x = -o*x. Suppose -3*t = j - 43, 0 = -5*j - x*j - 2*t + 189. Calculate the remainder when j is divided by 10.
7
Let t = 123 - 77. Let v = -4410 + 4435. Calculate the remainder when t is divided by v.
21
Let u(r) = r**3 - 7*r**2 - r - 44. What is the remainder when 224 is divided by u(8)?
8
Let t = 1377 - 1327. What is the remainder when 95 is divided by t?
45
Let c(v) = 0*v + 44 + 0*v + 3*v. Suppose 19 = 5*j - 21. Calculate the remainder when c(-7) is divided by j.
7
Let v(f) = 52*f**2 + 39*f - 14. Calculate the remainder when v(-5) is divided by 13.
12
Suppose -5*v - 2*o - 784 = 0, -3*v - 489 = o - 6*o. Let a = -31 - v. Let h(f) = 31*f**3 - 223*f**2 + 226*f - 2. What is the remainder when a is divided by h(1)?
31
Let d = 413 + -400. Calculate the remainder when 173 is divided by d.
4
Let b be 1/(-4) + (-65)/(-20). Suppose 2*t - 1 = b. Suppose 3*l + 350 = 2*d + 3*d, -109 = -t*d - 5*l. Calculate the remainder when d is divided by 23.
21
Suppose -k - 3 = -3*u + 6, 5*u - 23 = -k. Suppose 10*a = 5*z + 12*a - 26, z - 3*a - 12 = 0. What is the remainder when z is divided by k?
0
Let n = -336 - -344. What is the remainder when 30 is divided by n?
6
Suppose -u = -2*w, 2*u + 2*w = -3*w + 9. Suppose -u*r - 15 = -7*r. Suppose -v = r*v - 72. What is the remainder when 70 is divided by v?
16
Let p = 19 - 15. Calculate the remainder when 82*(10/p + -2) is divided by 22.
19
Let n = -53 + 90. Suppose 3*q + 5*c - 26 = 0, 0 = 3*q - c + 1 - 3. Suppose q*b = -2*b + 80. What is the remainder when n is divided by b?
17
Let x = 84 + -15. What is the remainder when x is divided by 19?
12
Calculate the remainder when ((-1182)/(-21) - 2) + (-16)/56 is divided by 8.
6
Suppose -19*c = -11*c - 128. Let d = 36 + 9. Suppose 4*h = d + 75. What is the remainder when h is divided by c?
14
Suppose -2*l + l + 12 = 0. Let w be (-4)/14 + l/42. Suppose w*j + 4*j - 456 = 0. What is the remainder when j is divided by 29?
27
Suppose z + x = 2, 0 = -z - x - 2*x - 6. Let h be 2/(-6) + 76/(-6). Let j = 24 + h. Calculate the remai